{"id":136,"date":"2016-01-21T11:58:30","date_gmt":"2016-01-21T11:58:30","guid":{"rendered":"http:\/\/georgydanceyogi.com\/?page_id=136"},"modified":"2019-12-14T16:09:38","modified_gmt":"2019-12-14T16:09:38","slug":"kontakt","status":"publish","type":"page","link":"https:\/\/georgydanceyogi.com\/?page_id=136","title":{"rendered":"Kontakt"},"content":{"rendered":"<h4 style=\"text-align: center;\">Sie haben Fragen, oder ein Feedback? Bitte benutzen Sie das Kontaktformular. Wir werden in K\u00fcrze antworten.<br \/>\nTelefonisch sind wir unter +41 79 889 27 80 erreichbar.<\/h4>\n<figure id=\"image_7795\" class=\"image_styled alignleft image_fit_mobile\" style=\"width:100%;display:block;float:unset;clear:both;\">\n\t\t<div class=\"image_frame effect-icon\"><div class=\"image_shadow_wrap\">\n\t\t<a class=\"image_size_small image_no_link\" title=\"\" href=\"#\"><img decoding=\"async\" class=\"image-frame\" alt=\"\" src=\"https:\/\/georgydanceyogi.com\/wp-content\/uploads\/2016\/01\/contactus_klein.jpg\" data-theme-retina-image=\"false\"  data-thumbnail=\"184\" data-thumbnail-class=\"IjE4NCI=\" width=\"2126\" height=\"1958\" \/><\/a>\n\t\t<\/div><\/div><\/figure>\n<div class=\"contact_form_wrap\">\n\t<div class=\"success\" style=\"display:none;\"><div class=\"message_box_content\">Vielen Dank! Wir werden Ihre Mail schnellsm\u00f6glich beantworten.<\/div><\/div> \n\t<form class=\"contact_form\" action=\"\/index.php?rest_route=%2Fwp%2Fv2%2Fpages%2F136\" method=\"post\" novalidate=\"novalidate\">\n\t\t<p><input type=\"text\" required=\"required\" id=\"contact_2632_name\" name=\"contact_2632_name\" class=\"text_input\" value=\"\" tabindex=\"5\" \/>\n\t\t<label for=\"contact_2632_name\">Name *<\/label><\/p>\n\t\t<p><input type=\"email\" required=\"required\" id=\"contact_2632_email\" name=\"contact_2632_email\" class=\"text_input\" value=\"\" tabindex=\"6\"  \/>\n\t\t<label for=\"contact_2632_email\">Email *<\/label><\/p>\n\t\t<p><textarea required=\"required\" name=\"contact_2632_content\" class=\"textarea\" cols=\"30\" rows=\"5\" tabindex=\"7\"><\/textarea><\/p>\n\t\t<p><input id=\"contact_2632_consent\" name=\"contact_2632_consent\" tabindex=\"8\" type=\"checkbox\" value=\"yes\" \/><label for=\"contact_2632_consent\">I give permission to store the above data and use it to contact me.<\/label><\/p>\n\t\t<p><button  type=\"submit\" class=\"button white\" tabindex=\"8\"><span>Absenden<\/span><\/button><\/p>\n\t\t<input type=\"hidden\" value=\"1\" name=\"theme_contact_form_submit\"\/>\n\t\t<input type=\"hidden\" value=\"2632\" name=\"contact_widget_id\"\/>\n\t\t<input type=\"hidden\" value=\"info*georgydanceyogi.com\" name=\"contact_2632_to\"\/>\n\t<\/form>\n<\/div>\n<p style=\"text-align: center;\"><span style=\"text-decoration: underline;\">Impressum:<\/span><\/p>\n<h4 style=\"text-align: left;\">\u00a0<span style=\"color: #993300;\">Verantwortlich f\u00fcr den Inhalt dieser Website:<\/span><\/h4>\n<p style=\"text-align: left;\">Georg Ochsenbein<br style=\"text-align: left;\" \/>Seestrasse 256<br \/>\n8038 Z\u00fcrich<br \/>\nUSt.Nr. 756.7390.6889.64<\/p>\n<p style=\"text-align: left;\">Kontaktinformationen:<\/p>\n<p style=\"text-align: left;\">E-Mail: <a href=\"mailto:info@georgydanceyogi.com\">info@georgydanceyogi.com<\/a><br \/>\nMobil: +41 79 889 27 80<\/p>\n<h6>Disclaimer:<\/h6>\n<h6>Haftungsausschluss<br \/>\nDer Autor \u00fcbernimmt keinerlei Gew\u00e4hr hinsichtlich der inhaltlichen Richtigkeit, Genauigkeit, Aktualit\u00e4t, Zuverl\u00e4ssigkeit und Vollst\u00e4ndigkeit der Informationen.<br \/>\nHaftungsanspr\u00fcche gegen den Autor wegen Sch\u00e4den materieller oder immaterieller Art, welche aus dem Zugriff oder der Nutzung bzw. Nichtnutzung der ver\u00f6ffentlichten Informationen, durch Missbrauch der Verbindung oder durch technische St\u00f6rungen entstanden sind, werden ausgeschlossen.<br \/>\nAlle Angebote sind unverbindlich. Der Autor beh\u00e4lt es sich ausdr\u00fccklich vor, Teile der Seiten oder das gesamte Angebot ohne gesonderte Ank\u00fcndigung zu ver\u00e4ndern, zu erg\u00e4nzen, zu l\u00f6schen oder die Ver\u00f6ffentlichung zeitweise oder endg\u00fcltig einzustellen.<\/h6>\n<h6>Haftung f\u00fcr Links<br \/>\nVerweise und Links auf Webseiten Dritter liegen ausserhalb unseres Verantwortungsbereichs Es wird jegliche Verantwortung f\u00fcr solche Webseiten abgelehnt. Der Zugriff und die Nutzung solcher Webseiten erfolgen auf eigene Gefahr des Nutzers oder der Nutzerin.<\/h6>\n<h6>Urheberrechte<br \/>\nDie Urheber- und alle anderen Rechte an Inhalten, Bildern, Fotos oder anderen Dateien auf der Website geh\u00f6ren ausschliesslich muk mikmiu oder den speziell genannten Rechtsinhabern. F\u00fcr die Reproduktion jeglicher Elemente ist die schriftliche Zustimmung der Urheberrechtstr\u00e4ger im Voraus einzuholen.<\/h6>\n<h6>Datenschutz<br \/>\nGest\u00fctzt auf Artikel 13 der schweizerischen Bundesverfassung und die datenschutzrechtlichen Bestimmungen des Bundes (Datenschutzgesetz, DSG) hat jede Person Anspruch auf Schutz ihrer Privatsph\u00e4re sowie auf Schutz vor Missbrauch ihrer pers\u00f6nlichen Daten. Wir halten diese Bestimmungen ein. Pers\u00f6nliche Daten werden streng vertraulich behandelt und weder an Dritte verkauft noch weiter gegeben.<br \/>\nIn enger Zusammenarbeit mit unseren Hosting-Providern bem\u00fchen wir uns, die Datenbanken so gut wie m\u00f6glich vor fremden Zugriffen, Verlusten, Missbrauch oder vor F\u00e4lschung zu sch\u00fctzen.<br \/>\nBeim Zugriff auf unsere Webseiten werden folgende Daten in Logfiles gespeichert: IP-Adresse, Datum, Uhrzeit, Browser-Anfrage und allg. \u00fcbertragene Informationen zum Betriebssystem resp. Browser. Diese Nutzungsdaten bilden die Basis f\u00fcr statistische, anonyme Auswertungen, so dass Trends erkennbar sind, anhand derer wir unsere Angebote entsprechend verbessern k\u00f6nnen.<\/h6>\n<h6>Datenschutzerkl\u00e4rung f\u00fcr die Nutzung von Facebook-Plugins (Like-Button)<br \/>\nAuf unseren Seiten sind Plugins des sozialen Netzwerks Facebook, 1601 South California Avenue, Palo Alto, CA 94304, USA integriert. Die Facebook-Plugins erkennen Sie an dem Facebook-Logo oder dem \u201cLike-Button\u201d (\u201cGef\u00e4llt mir\u201d) auf unserer Seite. Eine \u00dcbersicht \u00fcber die Facebook-Plugins finden Sie hier: http:\/\/developers.facebook.com\/docs\/plugins\/.<br \/>\nWenn Sie unsere Seiten besuchen, wird \u00fcber das Plugin eine direkte Verbindung zwischen Ihrem Browser und dem Facebook-Server hergestellt. Facebook erh\u00e4lt dadurch die Information, dass Sie mit Ihrer IP-Adresse unsere Seite besucht haben. Wenn Sie den Facebook \u201cLike-Button\u201d anklicken w\u00e4hrend Sie in Ihrem Facebook-Account eingeloggt sind, k\u00f6nnen Sie die Inhalte unserer Seiten auf Ihrem Facebook-Profil verlinken. Dadurch kann Facebook den Besuch unserer Seiten Ihrem Benutzerkonto zuordnen. Wir weisen darauf hin, dass wir als Anbieter der Seiten keine Kenntnis vom Inhalt der \u00fcbermittelten Daten sowie deren Nutzung durch Facebook erhalten.<\/h6>\n<p><a href=\"http:\/\/pcnetservices.ch\/wp-content\/uploads\/2015\/01\/impress.jpg\" class=\"wp_lightbox\" rel=\"post_136\"><img decoding=\"async\" class=\"alignnone size-full wp-image-153\" src=\"http:\/\/pcnetservices.ch\/wp-content\/uploads\/2015\/01\/impress.jpg\" alt=\"impress\" width=\"90\" height=\"90\" \/><\/a><\/p>\n","protected":false},"excerpt":{"rendered":"<p>Sie haben Fragen, oder ein Feedback? Bitte benutzen Sie das Kontaktformular. Wir werden in K\u00fcrze antworten. Telefonisch sind wir unter +41 79 889 27 80 erreichbar. Impressum: \u00a0Verantwortlich f\u00fcr den Inhalt dieser Website: Georg OchsenbeinSeestrasse 256 8038 Z\u00fcrich USt.Nr. 756.7390.6889.64 Kontaktinformationen: E-Mail: info@georgydanceyogi.com Mobil: +41 79 889 27 80 Disclaimer: Haftungsausschluss Der Autor \u00fcbernimmt keinerlei &#8230;<\/p>\n","protected":false},"author":1,"featured_media":0,"parent":0,"menu_order":0,"comment_status":"closed","ping_status":"closed","template":"","meta":{"footnotes":""},"class_list":["post-136","page","type-page","status-publish","hentry"],"_links":{"self":[{"href":"https:\/\/georgydanceyogi.com\/index.php?rest_route=\/wp\/v2\/pages\/136","targetHints":{"allow":["GET"]}}],"collection":[{"href":"https:\/\/georgydanceyogi.com\/index.php?rest_route=\/wp\/v2\/pages"}],"about":[{"href":"https:\/\/georgydanceyogi.com\/index.php?rest_route=\/wp\/v2\/types\/page"}],"author":[{"embeddable":true,"href":"https:\/\/georgydanceyogi.com\/index.php?rest_route=\/wp\/v2\/users\/1"}],"replies":[{"embeddable":true,"href":"https:\/\/georgydanceyogi.com\/index.php?rest_route=%2Fwp%2Fv2%2Fcomments&post=136"}],"version-history":[{"count":15,"href":"https:\/\/georgydanceyogi.com\/index.php?rest_route=\/wp\/v2\/pages\/136\/revisions"}],"predecessor-version":[{"id":372,"href":"https:\/\/georgydanceyogi.com\/index.php?rest_route=\/wp\/v2\/pages\/136\/revisions\/372"}],"wp:attachment":[{"href":"https:\/\/georgydanceyogi.com\/index.php?rest_route=%2Fwp%2Fv2%2Fmedia&parent=136"}],"curies":[{"name":"wp","href":"https:\/\/api.w.org\/{rel}","templated":true}]}}